{"id":277,"date":"2013-11-23T08:33:58","date_gmt":"2013-11-23T07:33:58","guid":{"rendered":"http:\/\/tiroalba.com\/?page_id=277"},"modified":"2017-04-02T09:54:18","modified_gmt":"2017-04-02T07:54:18","slug":"clubes-de-tiro-olimpico","status":"publish","type":"page","link":"https:\/\/tiroalba.com\/?page_id=277","title":{"rendered":"Clubes de Tiro Ol\u00edmpico"},"content":{"rendered":"<p><a href=\"http:\/\/clubconquense.es\/\">Club de Tiro Ol\u00edmpico Conquense y San Mateo<\/a><\/p>\n<p><a href=\"http:\/\/www.cdblosrobles.es\/\">Club de tiro Ol\u00edmpico Los Robles <\/a>(Villarrobledo)<\/p>\n<p><a href=\"http:\/\/www.tiroquijote.es\/\">Club de Tiro Ol\u00edmpico El Quijote<\/a> (Alcal\u00e1 de Henares)<\/p>\n<p><a href=\"http:\/\/www.valdeuvas.com\/\">Club de Tiro Ol\u00edmpico Valdeuvas <\/a>(Valdepe\u00f1as)<\/p>\n<p><a href=\"http:\/\/www.ctolucentum.com\/\">Club de Tiro Ol\u00edmpico Lucentum <\/a>(Alicante)<\/p>\n<p><a href=\"http:\/\/www.clubdetiro.es\/\"><span style=\"font-family: Tahoma,sans-serif;\"><span style=\"font-size: small;\">Club Tiro Ol\u00edmpico Lliria<\/span><\/span><\/a><span style=\"font-family: Tahoma,sans-serif;\"><span style=\"font-size: small;\">\u00a0\u00a0(Valencia)<\/span><\/span><\/p>\n<p><a href=\"http:\/\/www.tirovalencia.com\/\">Portal de Tiro Valenciano<\/a><\/p>\n<p><a href=\"http:\/\/www.tiroalcorcon.com\/\">Club de Tiro ol\u00edmpico Alcorc\u00f3n<\/a> (Madrid)<\/p>\n<p><a href=\"http:\/\/www.clubdetiropinto.com\/\">Club de Tiro Pinto<\/a> (Madrid)<\/p>\n<p><a href=\"http:\/\/www.tiroelche.com\/\">Club de Precisi\u00f3n Elche <\/a>(Alicante)<\/p>\n<p><a href=\"http:\/\/www.tirolimpicocullera.com\/\">Club de Tiro Ol\u00edmpico Cullera <\/a>(Valencia)<\/p>\n<p><a href=\"http:\/\/www.tirocuenca.es\/\">Club de Tiro Cuenca<\/a><\/p>\n<p align=\"LEFT\"><span style=\"font-family: Tahoma,sans-serif;\"><span style=\"font-size: small;\"><br \/>\n<\/span><\/span><\/p>\n<p><span style=\"font-family: Tahoma,sans-serif;\"><span style=\"font-size: small;\"><br \/>\n<\/span><\/span><\/p>\n","protected":false},"excerpt":{"rendered":"<p>Club de Tiro Ol\u00edmpico Conquense y San Mateo Club de tiro Ol\u00edmpico Los Robles (Villarrobledo) Club de Tiro Ol\u00edmpico El Quijote (Alcal\u00e1 de Henares) Club de Tiro Ol\u00edmpico Valdeuvas (Valdepe\u00f1as) Club de Tiro Ol\u00edmpico Lucentum (Alicante) Club Tiro Ol\u00edmpico Lliria\u00a0\u00a0(Valencia) Portal de Tiro Valenciano Club de Tiro ol\u00edmpico Alcorc\u00f3n (Madrid) Club de Tiro Pinto (Madrid) [&hellip;]<\/p>\n","protected":false},"author":1,"featured_media":0,"parent":0,"menu_order":0,"comment_status":"open","ping_status":"open","template":"","meta":{"footnotes":""},"class_list":["post-277","page","type-page","status-publish","hentry"],"_links":{"self":[{"href":"https:\/\/tiroalba.com\/index.php?rest_route=\/wp\/v2\/pages\/277","targetHints":{"allow":["GET"]}}],"collection":[{"href":"https:\/\/tiroalba.com\/index.php?rest_route=\/wp\/v2\/pages"}],"about":[{"href":"https:\/\/tiroalba.com\/index.php?rest_route=\/wp\/v2\/types\/page"}],"author":[{"embeddable":true,"href":"https:\/\/tiroalba.com\/index.php?rest_route=\/wp\/v2\/users\/1"}],"replies":[{"embeddable":true,"href":"https:\/\/tiroalba.com\/index.php?rest_route=%2Fwp%2Fv2%2Fcomments&post=277"}],"version-history":[{"count":8,"href":"https:\/\/tiroalba.com\/index.php?rest_route=\/wp\/v2\/pages\/277\/revisions"}],"predecessor-version":[{"id":2822,"href":"https:\/\/tiroalba.com\/index.php?rest_route=\/wp\/v2\/pages\/277\/revisions\/2822"}],"wp:attachment":[{"href":"https:\/\/tiroalba.com\/index.php?rest_route=%2Fwp%2Fv2%2Fmedia&parent=277"}],"curies":[{"name":"wp","href":"https:\/\/api.w.org\/{rel}","templated":true}]}}