{"id":341,"date":"2013-11-24T01:57:17","date_gmt":"2013-11-24T00:57:17","guid":{"rendered":"http:\/\/tiroalba.com\/?page_id=341"},"modified":"2017-04-23T20:06:27","modified_gmt":"2017-04-23T18:06:27","slug":"niveles-y-categorias-deportivas","status":"publish","type":"page","link":"https:\/\/tiroalba.com\/?page_id=341","title":{"rendered":"Niveles y categor\u00edas deportivas"},"content":{"rendered":"<p><b><span style=\"color: #ff0000;\">Este es el Baremo de Puntuaciones que fija los puntos necesarios a conseguir en una competici\u00f3n para que el tirador pertenezca a una categor\u00eda o a otra<\/span>.<\/b><\/p>\n<p>&nbsp;<\/p>\n<table border=\"1\" align=\"center\">\n<tbody>\n<tr>\n<td bgcolor=\"#FF9900\">\n<div align=\"center\"><b>NIVELES Y CATEGOR\u00cdAS DEPORTIVAS<\/b><\/div>\n<\/td>\n<\/tr>\n<tr>\n<td><b>EL NIVEL DEPORTIVO del tirador es la consecuencia del grado de rendimiento en competiciones de \u00e1mbito federativo.<\/b><\/td>\n<\/tr>\n<tr>\n<td><b>LA CATEGOR\u00cdA DEPORTIVA se obtiene en funci\u00f3n del \u00e1mbito de participaci\u00f3n en competiciones.<\/b><\/td>\n<\/tr>\n<tr>\n<td><b>CATEGOR\u00cdA 1\u00aa Tiradores que participen en competiciones Nacionales \/ Internacionales<\/b><\/td>\n<\/tr>\n<tr>\n<td><b>CATEGOR\u00cdA 2\u00aa Tiradores que participen en competiciones Auton\u00f3micas<\/b><\/td>\n<\/tr>\n<tr>\n<td><b>CATEGOR\u00cdA 3\u00aa Tiradores que participen en competiciones locales del calendario Federativo<\/b><\/td>\n<\/tr>\n<\/tbody>\n<\/table>\n<table style=\"width: 1015px; height: 1532px;\" border=\"0\" align=\"center\">\n<tbody>\n<tr>\n<td width=\"32%\"><\/td>\n<td bgcolor=\"#9999FF\" width=\"20%\"><span style=\"font-size: 14px;\"><strong><span style=\"color: #000000;\">Participaci\u00f3n en Campeonatos<br \/>\nLocales del Calendario<br \/>\nFederativo NIVEL 3<\/span><\/strong><\/span><\/td>\n<td bgcolor=\"#9999FF\" width=\"20%\"><span style=\"font-size: 14px;\"><strong><span style=\"color: #000000;\">Participaci\u00f3n en<br \/>\nCompeticiones Auton\u00f3micas<br \/>\nNIVEL 2<\/span><\/strong><\/span><\/td>\n<td bgcolor=\"#9999FF\" width=\"18%\"><span style=\"font-size: 14px;\"><strong><span style=\"color: #000000;\">Participaci\u00f3n en<br \/>\nCompeticiones Nacionales e<br \/>\nInternacionales NIVEL 1<br \/>\n<\/span><\/strong><\/span><\/td>\n<td bgcolor=\"#9999FF\" width=\"10%\"><span style=\"font-size: 14px;\"><strong><span style=\"color: #000000;\">Nivel Especial<\/span><\/strong><\/span><\/td>\n<\/tr>\n<tr>\n<td colspan=\"5\" bgcolor=\"#FF9900\"><b>Seniors<\/b><\/td>\n<\/tr>\n<tr>\n<td bgcolor=\"#99CCFF\" width=\"32%\">Carabina Tendido<\/td>\n<td bgcolor=\"#99CCFF\" width=\"20%\">Sin punt. m\u00ednima<\/td>\n<td bgcolor=\"#99CCFF\" width=\"20%\">\n<div align=\"center\"><b>460<\/b><\/div>\n<\/td>\n<td bgcolor=\"#99CCFF\" width=\"18%\">\n<div align=\"center\"><b>540<\/b><\/div>\n<\/td>\n<td bgcolor=\"#99CCFF\" width=\"10%\">\n<div align=\"center\"><b>575<\/b><\/div>\n<\/td>\n<\/tr>\n<tr>\n<td bgcolor=\"#CCCCFF\" width=\"32%\">Carabina 3 x 40<\/td>\n<td bgcolor=\"#CCCCFF\" width=\"20%\">Sin punt. m\u00ednima<\/td>\n<td bgcolor=\"#CCCCFF\" width=\"20%\">\n<div align=\"center\"><b>935<\/b><\/div>\n<\/td>\n<td bgcolor=\"#CCCCFF\" width=\"18%\">\n<div align=\"center\"><b>980<\/b><\/div>\n<\/td>\n<td bgcolor=\"#CCCCFF\" width=\"10%\">\n<div align=\"center\"><b>1065<\/b><\/div>\n<\/td>\n<\/tr>\n<tr>\n<td bgcolor=\"#99CCFF\" width=\"32%\">Carabina Aire<\/td>\n<td bgcolor=\"#99CCFF\" width=\"20%\">Sin punt. m\u00ednima<\/td>\n<td bgcolor=\"#99CCFF\" width=\"20%\">\n<div align=\"center\"><b>480<\/b><\/div>\n<\/td>\n<td bgcolor=\"#99CCFF\" width=\"18%\">\n<div align=\"center\"><b>530<\/b><\/div>\n<\/td>\n<td bgcolor=\"#99CCFF\" width=\"10%\">\n<div align=\"center\"><b>550<\/b><\/div>\n<\/td>\n<\/tr>\n<tr>\n<td bgcolor=\"#CCCCFF\" width=\"32%\">Blanco M\u00f3vil (10 m)<\/td>\n<td bgcolor=\"#CCCCFF\" width=\"20%\">Sin punt. m\u00ednima<\/td>\n<td bgcolor=\"#CCCCFF\" width=\"20%\">\n<div align=\"center\"><b>400<\/b><\/div>\n<\/td>\n<td bgcolor=\"#CCCCFF\" width=\"18%\">\n<div align=\"center\"><b>440<\/b><\/div>\n<\/td>\n<td bgcolor=\"#CCCCFF\" width=\"10%\">\n<div align=\"center\"><b>485<\/b><\/div>\n<\/td>\n<\/tr>\n<tr>\n<td bgcolor=\"#99CCFF\" width=\"32%\">Pistola Tiro R\u00e1pido<\/td>\n<td bgcolor=\"#99CCFF\" width=\"20%\">Sin punt. m\u00ednima<\/td>\n<td bgcolor=\"#99CCFF\" width=\"20%\">\n<div align=\"center\"><b>480<\/b><\/div>\n<\/td>\n<td bgcolor=\"#99CCFF\" width=\"18%\">\n<div align=\"center\"><b>520<\/b><\/div>\n<\/td>\n<td bgcolor=\"#99CCFF\" width=\"10%\">\n<div align=\"center\"><b>560<\/b><\/div>\n<\/td>\n<\/tr>\n<tr>\n<td bgcolor=\"#CCCCFF\" width=\"32%\">Pistola Libre<\/td>\n<td bgcolor=\"#CCCCFF\" width=\"20%\">Sin punt. m\u00ednima<\/td>\n<td bgcolor=\"#CCCCFF\" width=\"20%\">\n<div align=\"center\"><b>470<\/b><\/div>\n<\/td>\n<td bgcolor=\"#CCCCFF\" width=\"18%\">\n<div align=\"center\"><b>510<\/b><\/div>\n<\/td>\n<td bgcolor=\"#CCCCFF\" width=\"10%\">\n<div align=\"center\"><b>525<\/b><\/div>\n<\/td>\n<\/tr>\n<tr>\n<td bgcolor=\"#99CCFF\" width=\"32%\">Pistola Standard<\/td>\n<td bgcolor=\"#99CCFF\" width=\"20%\">Sin punt. m\u00ednima<\/td>\n<td bgcolor=\"#99CCFF\" width=\"20%\">\n<div align=\"center\"><b>440<\/b><\/div>\n<\/td>\n<td bgcolor=\"#99CCFF\" width=\"18%\">\n<div align=\"center\"><b>500<\/b><\/div>\n<\/td>\n<td bgcolor=\"#99CCFF\" width=\"10%\">\n<div align=\"center\"><b>530<\/b><\/div>\n<\/td>\n<\/tr>\n<tr>\n<td bgcolor=\"#CCCCFF\" width=\"32%\">Pistola Fuego Central<\/td>\n<td bgcolor=\"#CCCCFF\" width=\"20%\">Sin punt. m\u00ednima<\/td>\n<td bgcolor=\"#CCCCFF\" width=\"20%\">\n<div align=\"center\"><b>450<\/b><\/div>\n<\/td>\n<td bgcolor=\"#CCCCFF\" width=\"18%\">\n<div align=\"center\"><b>510<\/b><\/div>\n<\/td>\n<td bgcolor=\"#CCCCFF\" width=\"10%\">\n<div align=\"center\"><b>550<\/b><\/div>\n<\/td>\n<\/tr>\n<tr>\n<td bgcolor=\"#99CCFF\" width=\"32%\">Pistola Aire<\/td>\n<td bgcolor=\"#99CCFF\" width=\"20%\">Sin punt. m\u00ednima<\/td>\n<td bgcolor=\"#99CCFF\" width=\"20%\">\n<div align=\"center\"><b>480<\/b><\/div>\n<\/td>\n<td bgcolor=\"#99CCFF\" width=\"18%\">\n<div align=\"center\"><b>510<\/b><\/div>\n<\/td>\n<td bgcolor=\"#99CCFF\" width=\"10%\">\n<div align=\"center\"><b>550<\/b><\/div>\n<\/td>\n<\/tr>\n<tr>\n<td bgcolor=\"#CCCCFF\" width=\"32%\">Pistola 9 mm.<\/td>\n<td bgcolor=\"#CCCCFF\" width=\"20%\">Sin punt. m\u00ednima<\/td>\n<td bgcolor=\"#CCCCFF\" width=\"20%\">\n<div align=\"center\"><b>430<\/b><\/div>\n<\/td>\n<td bgcolor=\"#CCCCFF\" width=\"18%\">\n<div align=\"center\"><b>490<\/b><\/div>\n<\/td>\n<td bgcolor=\"#CCCCFF\" width=\"10%\">\n<div align=\"center\"><b>550<\/b><\/div>\n<\/td>\n<\/tr>\n<tr>\n<td bgcolor=\"#99CCFF\" width=\"32%\">Pistola Standard 10 m.<\/td>\n<td bgcolor=\"#99CCFF\" width=\"20%\">Sin punt. m\u00ednima<\/td>\n<td bgcolor=\"#99CCFF\" width=\"20%\">\n<div align=\"center\"><b>320<\/b><\/div>\n<\/td>\n<td bgcolor=\"#99CCFF\" width=\"18%\">\n<div align=\"center\"><b>330<\/b><\/div>\n<\/td>\n<td bgcolor=\"#99CCFF\" width=\"10%\">\n<div align=\"center\"><b>340<\/b><\/div>\n<\/td>\n<\/tr>\n<tr>\n<td bgcolor=\"#CCCCFF\" width=\"32%\">Pistola Velocidad 10 m.<\/td>\n<td bgcolor=\"#CCCCFF\" width=\"20%\">Sin punt. m\u00ednima<\/td>\n<td bgcolor=\"#CCCCFF\" width=\"20%\">\n<div align=\"center\"><b>12<\/b><\/div>\n<\/td>\n<td bgcolor=\"#CCCCFF\" width=\"18%\">\n<div align=\"center\"><b>15<\/b><\/div>\n<\/td>\n<td bgcolor=\"#CCCCFF\" width=\"10%\">\n<div align=\"center\"><b>18<\/b><\/div>\n<\/td>\n<\/tr>\n<tr>\n<td bgcolor=\"#FF9900\" width=\"32%\"><b>Damas<\/b><\/td>\n<td width=\"20%\"><\/td>\n<td width=\"20%\"><\/td>\n<td width=\"18%\"><\/td>\n<td width=\"10%\"><\/td>\n<\/tr>\n<tr>\n<td bgcolor=\"#99CCFF\" width=\"32%\">Carabina Tendido<\/td>\n<td bgcolor=\"#99CCFF\" width=\"20%\">Sin punt. m\u00ednima<\/td>\n<td bgcolor=\"#99CCFF\" width=\"20%\">\n<div align=\"center\"><b>450<\/b><\/div>\n<\/td>\n<td bgcolor=\"#99CCFF\" width=\"18%\">\n<div align=\"center\"><b>505<\/b><\/div>\n<\/td>\n<td bgcolor=\"#99CCFF\" width=\"10%\"><\/td>\n<\/tr>\n<tr>\n<td bgcolor=\"#CCCCFF\" width=\"32%\">Carabina 3 x 20<\/td>\n<td bgcolor=\"#CCCCFF\" width=\"20%\">Sin punt. m\u00ednima<\/td>\n<td bgcolor=\"#CCCCFF\" width=\"20%\">\n<div align=\"center\"><b>440<\/b><\/div>\n<\/td>\n<td bgcolor=\"#CCCCFF\" width=\"18%\">\n<div align=\"center\"><b>480<\/b><\/div>\n<\/td>\n<td bgcolor=\"#CCCCFF\" width=\"10%\"><\/td>\n<\/tr>\n<tr>\n<td bgcolor=\"#99CCFF\" width=\"32%\">Carabina Aire<\/td>\n<td bgcolor=\"#99CCFF\" width=\"20%\">Sin punt. m\u00ednima<\/td>\n<td bgcolor=\"#99CCFF\" width=\"20%\">\n<div align=\"center\"><b>280<\/b><\/div>\n<\/td>\n<td bgcolor=\"#99CCFF\" width=\"18%\">\n<div align=\"center\"><b>320<\/b><\/div>\n<\/td>\n<td bgcolor=\"#99CCFF\" width=\"10%\"><\/td>\n<\/tr>\n<tr>\n<td bgcolor=\"#CCCCFF\" width=\"32%\">Pistola 30 + 30<\/td>\n<td bgcolor=\"#CCCCFF\" width=\"20%\">Sin punt. m\u00ednima<\/td>\n<td bgcolor=\"#CCCCFF\" width=\"20%\">\n<div align=\"center\"><b>450<\/b><\/div>\n<\/td>\n<td bgcolor=\"#CCCCFF\" width=\"18%\">\n<div align=\"center\"><b>500<\/b><\/div>\n<\/td>\n<td bgcolor=\"#CCCCFF\" width=\"10%\"><\/td>\n<\/tr>\n<tr>\n<td bgcolor=\"#99CCFF\" width=\"32%\">Pistola Aire<\/td>\n<td bgcolor=\"#99CCFF\" width=\"20%\">Sin punt. m\u00ednima<\/td>\n<td bgcolor=\"#99CCFF\" width=\"20%\">\n<div align=\"center\"><b>250<\/b><\/div>\n<\/td>\n<td bgcolor=\"#99CCFF\" width=\"18%\">\n<div align=\"center\"><b>320<\/b><\/div>\n<\/td>\n<td bgcolor=\"#99CCFF\" width=\"10%\"><\/td>\n<\/tr>\n<tr>\n<td bgcolor=\"#CCCCFF\" width=\"32%\">Pistola Standard 10 m.<\/td>\n<td bgcolor=\"#CCCCFF\" width=\"20%\">Sin punt. m\u00ednima<\/td>\n<td bgcolor=\"#CCCCFF\" width=\"20%\">\n<div align=\"center\"><b>180<\/b><\/div>\n<\/td>\n<td bgcolor=\"#CCCCFF\" width=\"18%\">\n<div align=\"center\"><b>190<\/b><\/div>\n<\/td>\n<td bgcolor=\"#CCCCFF\" width=\"10%\"><\/td>\n<\/tr>\n<tr>\n<td bgcolor=\"#99CCFF\" width=\"32%\">Pistola Velocidad 10 m.<\/td>\n<td bgcolor=\"#99CCFF\" width=\"20%\">Sin punt. m\u00ednima<\/td>\n<td bgcolor=\"#99CCFF\" width=\"20%\">\n<div align=\"center\"><b>7<\/b><\/div>\n<\/td>\n<td bgcolor=\"#99CCFF\" width=\"18%\">\n<div align=\"center\"><b>9<\/b><\/div>\n<\/td>\n<td bgcolor=\"#99CCFF\" width=\"10%\"><\/td>\n<\/tr>\n<tr>\n<td bgcolor=\"#FF9900\" width=\"32%\"><b>Juniors Femenino<\/b><\/td>\n<td width=\"20%\"><\/td>\n<td width=\"20%\"><\/td>\n<td width=\"18%\"><\/td>\n<td width=\"10%\"><\/td>\n<\/tr>\n<tr>\n<td bgcolor=\"#99CCFF\" width=\"32%\">Carabina Tendido<\/td>\n<td bgcolor=\"#99CCFF\" width=\"20%\">Sin punt. m\u00ednima<\/td>\n<td bgcolor=\"#99CCFF\" width=\"20%\">\n<div align=\"center\"><b>420<\/b><\/div>\n<\/td>\n<td bgcolor=\"#99CCFF\" width=\"18%\">\n<div align=\"center\"><b>460<\/b><\/div>\n<\/td>\n<td bgcolor=\"#99CCFF\" width=\"10%\"><\/td>\n<\/tr>\n<tr>\n<td bgcolor=\"#CCCCFF\" width=\"32%\">Carabina 3 x 20<\/td>\n<td bgcolor=\"#CCCCFF\" width=\"20%\">Sin punt. m\u00ednima<\/td>\n<td bgcolor=\"#CCCCFF\" width=\"20%\">\n<div align=\"center\"><b>440<\/b><\/div>\n<\/td>\n<td bgcolor=\"#CCCCFF\" width=\"18%\">\n<div align=\"center\"><b>470<\/b><\/div>\n<\/td>\n<td bgcolor=\"#CCCCFF\" width=\"10%\"><\/td>\n<\/tr>\n<tr>\n<td bgcolor=\"#99CCFF\" width=\"32%\">Carabina Aire<\/td>\n<td bgcolor=\"#99CCFF\" width=\"20%\">Sin punt. m\u00ednima<\/td>\n<td bgcolor=\"#99CCFF\" width=\"20%\">\n<div align=\"center\"><b>260<\/b><\/div>\n<\/td>\n<td bgcolor=\"#99CCFF\" width=\"18%\">\n<div align=\"center\"><b>305<\/b><\/div>\n<\/td>\n<td bgcolor=\"#99CCFF\" width=\"10%\"><\/td>\n<\/tr>\n<tr>\n<td bgcolor=\"#CCCCFF\" width=\"32%\">Pistola 30 + 30<\/td>\n<td bgcolor=\"#CCCCFF\" width=\"20%\">Sin punt. m\u00ednima<\/td>\n<td bgcolor=\"#CCCCFF\" width=\"20%\">\n<div align=\"center\"><b>420<\/b><\/div>\n<\/td>\n<td bgcolor=\"#CCCCFF\" width=\"18%\">\n<div align=\"center\"><b>450<\/b><\/div>\n<\/td>\n<td bgcolor=\"#CCCCFF\" width=\"10%\"><\/td>\n<\/tr>\n<tr>\n<td bgcolor=\"#99CCFF\" width=\"32%\">Pistola Aire<\/td>\n<td bgcolor=\"#99CCFF\" width=\"20%\">Sin punt. m\u00ednima<\/td>\n<td bgcolor=\"#99CCFF\" width=\"20%\">\n<div align=\"center\"><b>280<\/b><\/div>\n<\/td>\n<td bgcolor=\"#99CCFF\" width=\"18%\">\n<div align=\"center\"><b>310<\/b><\/div>\n<\/td>\n<td bgcolor=\"#99CCFF\" width=\"10%\"><\/td>\n<\/tr>\n<tr>\n<td bgcolor=\"#CCCCFF\" width=\"32%\">Pistola Standard 10 m.<\/td>\n<td bgcolor=\"#CCCCFF\" width=\"20%\">Sin punt. m\u00ednima<\/td>\n<td bgcolor=\"#CCCCFF\" width=\"20%\">\n<div align=\"center\"><b>180<\/b><\/div>\n<\/td>\n<td bgcolor=\"#CCCCFF\" width=\"18%\">\n<div align=\"center\"><b>200<\/b><\/div>\n<\/td>\n<td bgcolor=\"#CCCCFF\" width=\"10%\"><\/td>\n<\/tr>\n<tr>\n<td bgcolor=\"#99CCFF\" width=\"32%\">Pistola Velocidad 10 m.<\/td>\n<td bgcolor=\"#99CCFF\" width=\"20%\">Sin punt. m\u00ednima<\/td>\n<td bgcolor=\"#99CCFF\" width=\"20%\">\n<div align=\"center\"><b>6<\/b><\/div>\n<\/td>\n<td bgcolor=\"#99CCFF\" width=\"18%\">\n<div align=\"center\"><b>8<\/b><\/div>\n<\/td>\n<td bgcolor=\"#99CCFF\" width=\"10%\"><\/td>\n<\/tr>\n<tr>\n<td bgcolor=\"#FF9900\" width=\"32%\"><b>Juniors Masculino<\/b><\/td>\n<td width=\"20%\"><\/td>\n<td width=\"20%\"><\/td>\n<td width=\"18%\"><\/td>\n<td width=\"10%\"><\/td>\n<\/tr>\n<tr>\n<td bgcolor=\"#99CCFF\" width=\"32%\">Carabina 3 x 40<\/td>\n<td bgcolor=\"#99CCFF\" width=\"20%\">Sin punt. m\u00ednima<\/td>\n<td bgcolor=\"#99CCFF\" width=\"20%\">\n<div align=\"center\"><b>850<\/b><\/div>\n<\/td>\n<td bgcolor=\"#99CCFF\" width=\"18%\">\n<div align=\"center\"><b>920<\/b><\/div>\n<\/td>\n<td bgcolor=\"#99CCFF\" width=\"10%\"><\/td>\n<\/tr>\n<tr>\n<td bgcolor=\"#CCCCFF\" width=\"32%\">Carabina Tendido<\/td>\n<td bgcolor=\"#CCCCFF\" width=\"20%\">Sin punt. m\u00ednima<\/td>\n<td bgcolor=\"#CCCCFF\" width=\"20%\">\n<div align=\"center\"><b>450<\/b><\/div>\n<\/td>\n<td bgcolor=\"#CCCCFF\" width=\"18%\">\n<div align=\"center\"><b>490<\/b><\/div>\n<\/td>\n<td bgcolor=\"#CCCCFF\" width=\"10%\"><\/td>\n<\/tr>\n<tr>\n<td bgcolor=\"#99CCFF\" width=\"32%\">Carabina Aire<\/td>\n<td bgcolor=\"#99CCFF\" width=\"20%\">Sin punt. m\u00ednima<\/td>\n<td bgcolor=\"#99CCFF\" width=\"20%\">\n<div align=\"center\"><b>460<\/b><\/div>\n<\/td>\n<td bgcolor=\"#99CCFF\" width=\"18%\">\n<div align=\"center\"><b>500<\/b><\/div>\n<\/td>\n<td bgcolor=\"#99CCFF\" width=\"10%\"><\/td>\n<\/tr>\n<tr>\n<td bgcolor=\"#CCCCFF\" width=\"32%\">Pistola Aire<\/td>\n<td bgcolor=\"#CCCCFF\" width=\"20%\">Sin punt. m\u00ednima<\/td>\n<td bgcolor=\"#CCCCFF\" width=\"20%\">\n<div align=\"center\"><b>450<\/b><\/div>\n<\/td>\n<td bgcolor=\"#CCCCFF\" width=\"18%\">\n<div align=\"center\"><b>470<\/b><\/div>\n<\/td>\n<td bgcolor=\"#CCCCFF\" width=\"10%\"><\/td>\n<\/tr>\n<tr>\n<td bgcolor=\"#99CCFF\" width=\"32%\">Pistola 30 + 30<\/td>\n<td bgcolor=\"#99CCFF\" width=\"20%\">Sin punt. m\u00ednima<\/td>\n<td bgcolor=\"#99CCFF\" width=\"20%\">\n<div align=\"center\"><b>440<\/b><\/div>\n<\/td>\n<td bgcolor=\"#99CCFF\" width=\"18%\">\n<div align=\"center\"><b>460<\/b><\/div>\n<\/td>\n<td bgcolor=\"#99CCFF\" width=\"10%\"><\/td>\n<\/tr>\n<tr>\n<td bgcolor=\"#CCCCFF\" width=\"32%\">Pistola Libre<\/td>\n<td bgcolor=\"#CCCCFF\" width=\"20%\">Sin punt. m\u00ednima<\/td>\n<td bgcolor=\"#CCCCFF\" width=\"20%\">\n<div align=\"center\"><b>410<\/b><\/div>\n<\/td>\n<td bgcolor=\"#CCCCFF\" width=\"18%\">\n<div align=\"center\"><b>450<\/b><\/div>\n<\/td>\n<td bgcolor=\"#CCCCFF\" width=\"10%\"><\/td>\n<\/tr>\n<tr>\n<td bgcolor=\"#99CCFF\" width=\"32%\">Pistola Tiro R\u00e1pico<\/td>\n<td bgcolor=\"#99CCFF\" width=\"20%\">Sin punt. m\u00ednima<\/td>\n<td bgcolor=\"#99CCFF\" width=\"20%\">\n<div align=\"center\"><b>430<\/b><\/div>\n<\/td>\n<td bgcolor=\"#99CCFF\" width=\"18%\">\n<div align=\"center\"><b>470<\/b><\/div>\n<\/td>\n<td bgcolor=\"#99CCFF\" width=\"10%\"><\/td>\n<\/tr>\n<tr>\n<td bgcolor=\"#CCCCFF\" width=\"32%\">Pistola Stan-int<\/td>\n<td bgcolor=\"#CCCCFF\" width=\"20%\">Sin punt. m\u00ednima<\/td>\n<td bgcolor=\"#CCCCFF\" width=\"20%\">\n<div align=\"center\"><b>400<\/b><\/div>\n<\/td>\n<td bgcolor=\"#CCCCFF\" width=\"18%\">\n<div align=\"center\"><b>440<\/b><\/div>\n<\/td>\n<td bgcolor=\"#CCCCFF\" width=\"10%\"><\/td>\n<\/tr>\n<tr>\n<td bgcolor=\"#99CCFF\" width=\"32%\">Pistola Standard 10 m.<\/td>\n<td bgcolor=\"#99CCFF\" width=\"20%\">Sin punt. m\u00ednima<\/td>\n<td bgcolor=\"#99CCFF\" width=\"20%\">\n<div align=\"center\"><b>275<\/b><\/div>\n<\/td>\n<td bgcolor=\"#99CCFF\" width=\"18%\">\n<div align=\"center\"><b>290<\/b><\/div>\n<\/td>\n<td bgcolor=\"#99CCFF\" width=\"10%\"><\/td>\n<\/tr>\n<tr>\n<td bgcolor=\"#CCCCFF\" width=\"32%\">Pistola Velocidad 10 m.<\/td>\n<td bgcolor=\"#CCCCFF\" width=\"20%\">Sin punt. m\u00ednima<\/td>\n<td bgcolor=\"#CCCCFF\" width=\"20%\">\n<div align=\"center\"><b>10<\/b><\/div>\n<\/td>\n<td bgcolor=\"#CCCCFF\" width=\"18%\">\n<div align=\"center\"><b>13<\/b><\/div>\n<\/td>\n<td bgcolor=\"#CCCCFF\" width=\"10%\"><\/td>\n<\/tr>\n<\/tbody>\n<\/table>\n<table style=\"width: 56%;\" border=\"0\" align=\"center\">\n<tbody>\n<tr>\n<td colspan=\"5\">\n<div align=\"center\"><b>ARMAS HIST\u00d3RICAS<\/b><\/div>\n<\/td>\n<\/tr>\n<tr bgcolor=\"#FF9900\">\n<td>\n<div align=\"center\"><b>MODALIDAD<\/b><\/div>\n<\/td>\n<td>\n<div align=\"center\"><b>Nivel 2<\/b><\/div>\n<\/td>\n<td>\n<div align=\"center\"><b>Nivel 1<\/b><\/div>\n<\/td>\n<td>\n<div align=\"center\"><b>ESPECIAL<\/b><\/div>\n<\/td>\n<td>\n<div align=\"center\"><b>MAESTRO<\/b><\/div>\n<\/td>\n<\/tr>\n<tr>\n<td><b>KUCHENREUTER<\/b><\/td>\n<td>\n<div align=\"center\"><b>30<\/b><\/div>\n<\/td>\n<td>\n<div align=\"center\"><b>40<\/b><\/div>\n<\/td>\n<td>\n<div align=\"center\"><b>91<\/b><\/div>\n<\/td>\n<td>\n<div align=\"center\"><b>96<\/b><\/div>\n<\/td>\n<\/tr>\n<tr>\n<td><b>MARIETTE<\/b><\/td>\n<td>\n<div align=\"center\"><b>50<\/b><\/div>\n<\/td>\n<td>\n<div align=\"center\"><b>70<\/b><\/div>\n<\/td>\n<td>\n<div align=\"center\"><b>9<\/b><\/div>\n<\/td>\n<td>\n<div align=\"center\"><b>95<\/b><\/div>\n<\/td>\n<\/tr>\n<tr>\n<td><b>COLT<\/b><\/td>\n<td>\n<div align=\"center\"><b>50<\/b><\/div>\n<\/td>\n<td>\n<div align=\"center\"><b>70<\/b><\/div>\n<\/td>\n<td>\n<div align=\"center\"><b>87<\/b><\/div>\n<\/td>\n<td>\n<div align=\"center\"><b>94<\/b><\/div>\n<\/td>\n<\/tr>\n<tr>\n<td><b>COMINAZZO<\/b><\/td>\n<td>\n<div align=\"center\"><b>30<\/b><\/div>\n<\/td>\n<td>\n<div align=\"center\"><b>50<\/b><\/div>\n<\/td>\n<td>\n<div align=\"center\"><b>81<\/b><\/div>\n<\/td>\n<td>\n<div align=\"center\"><b>90<\/b><\/div>\n<\/td>\n<\/tr>\n<tr>\n<td><b>VETTERLI<\/b><\/td>\n<td>\n<div align=\"center\"><b>40<\/b><\/div>\n<\/td>\n<td>\n<div align=\"center\"><b>60<\/b><\/div>\n<\/td>\n<td>\n<div align=\"center\"><b>90<\/b><\/div>\n<\/td>\n<td>\n<div align=\"center\"><b>96<\/b><\/div>\n<\/td>\n<\/tr>\n<tr>\n<td><b>MIGUELETE<\/b><\/td>\n<td>\n<div align=\"center\"><b>40<\/b><\/div>\n<\/td>\n<td>\n<div align=\"center\"><b>60<\/b><\/div>\n<\/td>\n<td>\n<div align=\"center\"><b>81<\/b><\/div>\n<\/td>\n<td>\n<div align=\"center\"><b>90<\/b><\/div>\n<\/td>\n<\/tr>\n<tr>\n<td><b>TANEGASHIMA<\/b><\/td>\n<td>\n<div align=\"center\"><b>30<\/b><\/div>\n<\/td>\n<td>\n<div align=\"center\"><b>40<\/b><\/div>\n<\/td>\n<td>\n<div align=\"center\"><b>83<\/b><\/div>\n<\/td>\n<td>\n<div align=\"center\"><b>95<\/b><\/div>\n<\/td>\n<\/tr>\n<tr>\n<td><b>HIZADAI<\/b><\/td>\n<td>\n<div align=\"center\"><b>30<\/b><\/div>\n<\/td>\n<td>\n<div align=\"center\"><b>40<\/b><\/div>\n<\/td>\n<td>\n<div align=\"center\"><b>84<\/b><\/div>\n<\/td>\n<td>\n<div align=\"center\"><b>95<\/b><\/div>\n<\/td>\n<\/tr>\n<tr>\n<td><b>WHITWORTH<\/b><\/td>\n<td>\n<div align=\"center\"><b>50<\/b><\/div>\n<\/td>\n<td>\n<div align=\"center\"><b>70<\/b><\/div>\n<\/td>\n<td>\n<div align=\"center\"><b>88<\/b><\/div>\n<\/td>\n<td>\n<div align=\"center\"><b>95<\/b><\/div>\n<\/td>\n<\/tr>\n<tr>\n<td><b>WALKYRIA<\/b><\/td>\n<td>\n<div align=\"center\"><b>50<\/b><\/div>\n<\/td>\n<td>\n<div align=\"center\"><b>65<\/b><\/div>\n<\/td>\n<td>\n<div align=\"center\"><b>85<\/b><\/div>\n<\/td>\n<td>\n<div align=\"center\"><b>93<\/b><\/div>\n<\/td>\n<\/tr>\n<tr>\n<td><b>MINIE<\/b><\/td>\n<td>\n<div align=\"center\"><b>50<\/b><\/div>\n<\/td>\n<td>\n<div align=\"center\"><b>60<\/b><\/div>\n<\/td>\n<td>\n<div align=\"center\"><b>78<\/b><\/div>\n<\/td>\n<td>\n<div align=\"center\"><b>90<\/b><\/div>\n<\/td>\n<\/tr>\n<tr>\n<td><b>MAXIMILIAN<\/b><\/td>\n<td>\n<div align=\"center\"><b>30<\/b><\/div>\n<\/td>\n<td>\n<div align=\"center\"><b>50<\/b><\/div>\n<\/td>\n<td>\n<div align=\"center\"><b>76<\/b><\/div>\n<\/td>\n<td>\n<div align=\"center\"><b>90<\/b><\/div>\n<\/td>\n<\/tr>\n<tr>\n<td><b>PI\u00d1AL 25 m.<\/b><\/td>\n<td>\n<div align=\"center\"><b>55<\/b><\/div>\n<\/td>\n<td>\n<div align=\"center\"><b>71<\/b><\/div>\n<\/td>\n<td>\n<div align=\"center\"><b>87<\/b><\/div>\n<\/td>\n<td>\n<div align=\"center\"><b>94<\/b><\/div>\n<\/td>\n<\/tr>\n<tr>\n<td><b>NU\u00d1EZ DE CASTRO 50 m<\/b><\/td>\n<td>\n<div align=\"center\"><b>55<\/b><\/div>\n<\/td>\n<td>\n<div align=\"center\"><b>71<\/b><\/div>\n<\/td>\n<td>\n<div align=\"center\"><b>87<\/b><\/div>\n<\/td>\n<td>\n<div align=\"center\"><b>94<\/b><\/div>\n<\/td>\n<\/tr>\n<\/tbody>\n<\/table>\n<p>&nbsp;<\/p>\n<table style=\"width: 57%;\" border=\"0\" align=\"center\">\n<tbody>\n<tr>\n<td colspan=\"3\"><b><span style=\"color: #0000ff;\">Clasificaci\u00f3n por agrupamientos<\/span><\/b><\/td>\n<\/tr>\n<tr>\n<td colspan=\"3\"><\/td>\n<\/tr>\n<tr>\n<td bgcolor=\"#FF9900\" width=\"45%\"><b>MODALIDAD<\/b><\/td>\n<td bgcolor=\"#FF9900\" width=\"33%\">\n<div align=\"center\"><b>NIVEL 2<\/b><\/div>\n<\/td>\n<td bgcolor=\"#FF9900\" width=\"22%\">\n<div align=\"center\"><b>NIVEL 1<\/b><\/div>\n<\/td>\n<\/tr>\n<tr>\n<td width=\"45%\"><b>Carabina BR-50 (Open)<\/b><\/td>\n<td width=\"33%\">\n<div align=\"center\"><b>15 m\/m<\/b><\/div>\n<\/td>\n<td width=\"22%\">\n<div align=\"center\"><b>12 m\/m<\/b><\/div>\n<\/td>\n<\/tr>\n<tr>\n<td width=\"45%\"><b>Carabina BR-50 (Stock)<\/b><\/td>\n<td width=\"33%\">\n<div align=\"center\"><b>25 m\/m<\/b><\/div>\n<\/td>\n<td width=\"22%\">\n<div align=\"center\"><b>18 m\/m<\/b><\/div>\n<\/td>\n<\/tr>\n<\/tbody>\n<\/table>\n","protected":false},"excerpt":{"rendered":"<p>Este es el Baremo de Puntuaciones que fija los puntos necesarios a conseguir en una competici\u00f3n para que el tirador pertenezca a una categor\u00eda o a otra. &nbsp; NIVELES Y CATEGOR\u00cdAS DEPORTIVAS EL NIVEL DEPORTIVO del tirador es la consecuencia del grado de rendimiento en competiciones de \u00e1mbito federativo. LA CATEGOR\u00cdA DEPORTIVA se obtiene en [&hellip;]<\/p>\n","protected":false},"author":1,"featured_media":0,"parent":0,"menu_order":0,"comment_status":"open","ping_status":"open","template":"","meta":{"footnotes":""},"class_list":["post-341","page","type-page","status-publish","hentry"],"_links":{"self":[{"href":"https:\/\/tiroalba.com\/index.php?rest_route=\/wp\/v2\/pages\/341","targetHints":{"allow":["GET"]}}],"collection":[{"href":"https:\/\/tiroalba.com\/index.php?rest_route=\/wp\/v2\/pages"}],"about":[{"href":"https:\/\/tiroalba.com\/index.php?rest_route=\/wp\/v2\/types\/page"}],"author":[{"embeddable":true,"href":"https:\/\/tiroalba.com\/index.php?rest_route=\/wp\/v2\/users\/1"}],"replies":[{"embeddable":true,"href":"https:\/\/tiroalba.com\/index.php?rest_route=%2Fwp%2Fv2%2Fcomments&post=341"}],"version-history":[{"count":10,"href":"https:\/\/tiroalba.com\/index.php?rest_route=\/wp\/v2\/pages\/341\/revisions"}],"predecessor-version":[{"id":3111,"href":"https:\/\/tiroalba.com\/index.php?rest_route=\/wp\/v2\/pages\/341\/revisions\/3111"}],"wp:attachment":[{"href":"https:\/\/tiroalba.com\/index.php?rest_route=%2Fwp%2Fv2%2Fmedia&parent=341"}],"curies":[{"name":"wp","href":"https:\/\/api.w.org\/{rel}","templated":true}]}}