{"id":396,"date":"2013-11-24T22:32:46","date_gmt":"2013-11-24T21:32:46","guid":{"rendered":"http:\/\/tiroalba.com\/?page_id=396"},"modified":"2015-02-21T13:33:34","modified_gmt":"2015-02-21T12:33:34","slug":"galeria-de-videos","status":"publish","type":"page","link":"https:\/\/tiroalba.com\/?page_id=396","title":{"rendered":"V\u00eddeos"},"content":{"rendered":"<p><span style=\"font-size: 16px;\"><strong>Extracto de v\u00eddeos promocionales realizados por Federaci\u00f3n de Tiro Ol\u00edmpico de la Comunidad de Madrid.<\/strong><\/span><\/p>\n<p><a href=\"http:\/\/www.youtube.com\/watch?v=CEPdi46Dvr4&amp;feature=player_detailpage\">FETO. Tiro Ol\u00edmpico, Origen e Historia.<\/a><br \/>\n<a href=\"http:\/\/www.youtube.com\/watch?v=2FME_NSVg34&amp;feature=player_detailpage\">FETO. Tiro Ol\u00edmpico, Nociones B\u00e1sicas.<\/a><br \/>\n<a href=\"http:\/\/www.youtube.com\/watch?v=jXRW3GTZiUQ&amp;feature=player_detailpage\">FETO. Tiro Ol\u00edmpico, Pistola.<\/a><br \/>\n<a href=\"http:\/\/www.youtube.com\/watch?feature=player_detailpage&amp;v=xzb-LGsnsHI\">FETO. Tiro Ol\u00edmpico,La Pr\u00e1ctica.<\/a><br \/>\n<a href=\"http:\/\/www.youtube.com\/watch?feature=player_detailpage&amp;v=PWqpXwTcZrE\">FETO. Tiro Ol\u00edmpico, Empu\u00f1adura.<\/a><br \/>\n<a href=\"http:\/\/www.youtube.com\/watch?v=iNzKfEHJh18&amp;feature=player_detailpage\">FETO. Tiro Ol\u00edmpico, Respiraci\u00f3n.<\/a><br \/>\n<a href=\"http:\/\/www.youtube.com\/watch?feature=player_detailpage&amp;v=pZxTmv2zdoM\">FETO. Tiro Ol\u00edmpico, Postura.<\/a><br \/>\n<a href=\"http:\/\/www.youtube.com\/watch?v=JmwB-_wPDtw&amp;feature=player_detailpage\">FETO. Tiro Ol\u00edmpico, Relaci\u00f3n entre el equilibrio est\u00e1tico y el rendimiento del tirador.<\/a><br \/>\n<a href=\"http:\/\/www.youtube.com\/watch?v=b9jHSp-ys34&amp;feature=player_detailpage\">FETO. Tiro Ol\u00edmpico, Competici\u00f3n.<\/a><br \/>\n<a href=\"http:\/\/www.youtube.com\/watch?v=awByyg8ZyLg&amp;feature=player_detailpage\">FETO. Tiro Ol\u00edmpico, Carabina.<\/a><\/p>\n<p><a href=\"https:\/\/www.youtube.com\/watch?v=U6yc49uk5GY\"><span id=\"eow-title\" class=\"watch-title long-title\" dir=\"ltr\" title=\"50m Men's Pistol final - Granada 2013 ISSF World Cup in All Events\">Final de la Copa del Mundo de Pistola Libre 50 m Masculino &#8211; Granada 2013 ISSF World Cup <\/span><\/a><\/p>\n<p><a href=\"https:\/\/www.youtube.com\/watch?feature=player_detailpage&amp;v=NoVrdyTUPb8&amp;list=UUyI1OraktUJ9pReaiRyXpdw\">V\u00eddeo presentaci\u00f3n del CATP, premiado con el \u00abDiploma al M\u00e9rito Deportivo\u00bb por la JCCM el 15-12-2014<\/a><\/p>\n<p><a href=\"https:\/\/www.youtube.com\/watch?v=CG2YXHeNJu4\">Final de Pistola Neum\u00e1tica Masculino 10m A- ISSF World Cup Final in all events 2014, Gabala (Azerbaijan)<\/a><\/p>\n<p><a href=\"https:\/\/www.youtube.com\/watch?v=WyyIBlVXAcw\">Final de Pistola Neum\u00e1tica Masculino &#8211; ISSF World Cup in all events 2014, Munich (Alemania)<\/a><\/p>\n<p><a href=\"http:\/\/www.rtve.es\/alacarta\/videos\/tiro-olimpico\/tiro-olimpico-campeonato-del-mundo-final-pistola-deportiva-femenina\/2749373\/\">Final de Pistola Deportiva Femenina &#8211; Campeonato del Mundo &#8211; septiembre 2014 Las Gabias (Granada).<\/a><\/p>\n<p><a href=\"http:\/\/www.rtve.es\/alacarta\/videos\/tiro-olimpico\/tiro-olimpico-campeonato-del-mundo-final-pistola-aire-femenina\/2753902\/\">Final de Pistola Neum\u00e1tica Femenina &#8211; Campeonato del Mundo &#8211; septiembre 2014 Las Gabias (Granada)<\/a><\/p>\n<p><a href=\"http:\/\/www.rtve.es\/alacarta\/videos\/tiro-olimpico\/tiro-olimpico-231214-1700-169\/2924932\/\">Resumen de TVE del Campeonato de Espa\u00f1a de Arm\u00e1s Neum\u00e1ticas &#8211; diciembre de 2014 &#8211; Las Gabias &#8211; Granada<\/a><\/p>\n<p><a href=\"http:\/\/www.rtve.es\/alacarta\/videos\/tiro-olimpico\/tiro-olimpico-200215-1930-169\/3007480\/\">Resumen de TVE del Campeonato de Espa\u00f1a de Armas Neum\u00e1ticas &#8211; febrero de 2015-\u00a0 Canto Blanco &#8211; Madrid.<\/a><\/p>\n<p id=\"watch-headline-title\" class=\"yt\">\n","protected":false},"excerpt":{"rendered":"<p>Extracto de v\u00eddeos promocionales realizados por Federaci\u00f3n de Tiro Ol\u00edmpico de la Comunidad de Madrid. FETO. Tiro Ol\u00edmpico, Origen e Historia. FETO. Tiro Ol\u00edmpico, Nociones B\u00e1sicas. FETO. Tiro Ol\u00edmpico, Pistola. FETO. Tiro Ol\u00edmpico,La Pr\u00e1ctica. FETO. Tiro Ol\u00edmpico, Empu\u00f1adura. FETO. Tiro Ol\u00edmpico, Respiraci\u00f3n. FETO. Tiro Ol\u00edmpico, Postura. FETO. Tiro Ol\u00edmpico, Relaci\u00f3n entre el equilibrio est\u00e1tico y [&hellip;]<\/p>\n","protected":false},"author":1,"featured_media":0,"parent":0,"menu_order":0,"comment_status":"open","ping_status":"open","template":"","meta":{"footnotes":""},"class_list":["post-396","page","type-page","status-publish","hentry"],"_links":{"self":[{"href":"https:\/\/tiroalba.com\/index.php?rest_route=\/wp\/v2\/pages\/396","targetHints":{"allow":["GET"]}}],"collection":[{"href":"https:\/\/tiroalba.com\/index.php?rest_route=\/wp\/v2\/pages"}],"about":[{"href":"https:\/\/tiroalba.com\/index.php?rest_route=\/wp\/v2\/types\/page"}],"author":[{"embeddable":true,"href":"https:\/\/tiroalba.com\/index.php?rest_route=\/wp\/v2\/users\/1"}],"replies":[{"embeddable":true,"href":"https:\/\/tiroalba.com\/index.php?rest_route=%2Fwp%2Fv2%2Fcomments&post=396"}],"version-history":[{"count":16,"href":"https:\/\/tiroalba.com\/index.php?rest_route=\/wp\/v2\/pages\/396\/revisions"}],"predecessor-version":[{"id":1791,"href":"https:\/\/tiroalba.com\/index.php?rest_route=\/wp\/v2\/pages\/396\/revisions\/1791"}],"wp:attachment":[{"href":"https:\/\/tiroalba.com\/index.php?rest_route=%2Fwp%2Fv2%2Fmedia&parent=396"}],"curies":[{"name":"wp","href":"https:\/\/api.w.org\/{rel}","templated":true}]}}